?
False
Is 380 a factor of 99595220?
False
Is 18 a factor of 119882700?
True
Is 167034960 a multiple of 2682?
True
Is 8 a factor of 8005764?
False
Is 30049815 a multiple of 651?
False
Does 360 divide 10673160?
False
Does 16 divide 41408199?
False
Does 13 divide 4079923523?
True
Is 11177246 a multiple of 142?
True
Does 20 divide 137960?
True
Does 83 divide 4571479?
False
Is 114 a factor of 8039736?
True
Is 2 a factor of 1015457?
False
Is 16217135 a multiple of 89?
True
Does 7140 divide 2838565272?
False
Is 207079160 a multiple of 478?
True
Is 17 a factor of 127373974?
False
Is 2302310416 a multiple of 263?
True
Does 258 divide 42062847?
False
Does 13 divide 59540192?
False
Is 78 a factor of 2471118?
True
Is 56 a factor of 35999376?
True
Is 6 a factor of 302841356?
False
Is 2526509976 a multiple of 1171?
False
Is 166687220 a multiple of 49?
True
Is 425119935 a multiple of 7633?
True
Is 241 a factor of 176967023?
True
Does 30 divide 3707835274?
False
Is 31 a factor of 4286201?
False
Is 17 a factor of 25551255?
True
Is 21 a factor of 971623017?
False
Is 190076627 a multiple of 248?
False
Does 647 divide 7487084?
True
Is 7 a factor of 40115824?
True
Does 18 divide 12275802?
True
Is 12 a factor of 991208871?
False
Is 12 a factor of 88649711?
False
Is 470 a factor of 2157933691?
False
Does 31 divide 14465374?
False
Is 73224546 a multiple of 1579?
True
Is 11 a factor of 563684447?
False
Does 37 divide 2038256?
True
Is 1729 a factor of 1976258632?
False
Is 18 a factor of 295183620?
True
Is 7409822 a multiple of 36?
False
Does 34 divide 1950556608?
True
Does 4 divide 17317672?
True
Is 532 a factor of 73443703?
False
Is 110 a factor of 9447130?
True
Is 114 a factor of 382038966?
True
Is 30 a factor of 494755053?
False
Does 456 divide 4358891748?
False
Is 5833457 a multiple of 7?
True
Does 104 divide 15309840?
True
Is 407543160 a multiple of 555?
True
Is 606 a factor of 129146478?
True
Does 11 divide 21492009?
True
Does 114 divide 5263144115?
False
Is 24917266 a multiple of 22?
True
Is 238 a factor of 3381570?
False
Is 737 a factor of 1344811270?
True
Does 2450 divide 795840850?
True
Is 104 a factor of 8501015?
False
Is 11 a factor of 108134761?
False
Is 198 a factor of 473032066?
False
Is 94898791 a multiple of 36?
False
Is 22 a factor of 2463224632?
True
Is 17057421 a multiple of 69?
True
Does 4040 divide 262046520?
True
Is 58092774 a multiple of 41?
False
Is 36019981 a multiple of 12?
False
Is 110 a factor of 1209099210?
True
Does 29 divide 1334397387?
True
Is 495 a factor of 67102653?
False
Is 223 a factor of 274764474?
False
Does 40 divide 77090690?
False
Is 30872450 a multiple of 175?
True
Is 3422813 a multiple of 6?
False
Does 54 divide 1459034920?
False
Is 1193368366 a multiple of 16?
False
Is 860513670 a multiple of 3212?
False
Does 7059 divide 145936195?
False
Does 51 divide 12459096?
True
Is 400320618 a multiple of 664?
False
Does 7 divide 54264805?
True
Does 565 divide 1387738587?
False
Is 1994724607 a multiple of 13?
False
Does 3 divide 70305812?
False
Does 50 divide 23948300?
True
Does 159 divide 106602663?
True
Is 47071120 a multiple of 80?
True
Is 161 a factor of 83568660?
True
Is 4144464 a multiple of 12?
True
Is 5 a factor of 1590090?
True
Is 2821206 a multiple of 6?
True
Is 133499324 a multiple of 161?
False
Does 64 divide 1160565660?
False
Does 98 divide 66268286?
True
Does 321 divide 22141938?
True
Does 510 divide 154593240?
True
Does 17 divide 13559591?
True
Is 3 a factor of 2896656?
True
Is 382280628 a multiple of 58?
False
Is 41 a factor of 1761473119?
True
Does 366 divide 238720586?
False
Does 19 divide 119164567?
False
Is 117 a factor of 191693034?
True
Is 89906401 a multiple of 839?
True
Is 2580 a factor of 105283619?
False
Is 1734516 a multiple of 42?
True
Is 46079028 a multiple of 38?
True
Does 79 divide 530305823?
False
Does 106 divide 975680573?
False
Is 31480012 a multiple of 356?
True
Does 177 divide 500658483?
True
Is 11025 a factor of 1593829125?
True
Does 205 divide 717446121?
False
Is 32 a factor of 6776007748?
False
Does 17 divide 1116000973?
False
Is 31227252 a multiple of 14?
True
Does 28 divide 584714463?
False
Is 3558380 a multiple of 49?
True
Is 161102172 a multiple of 79?
True
Does 7425 divide 1556027550?
True
Is 20024415 a multiple of 243?
True
Does 100 divide 338645600?
True
Does 937 divide 2809807?
False
Does 570 divide 14531883?
False
Is 13 a factor of 7827070032?
False
Is 55 a factor of 381058?
False
Does 355 divide 85470547?
False
Is 64347633 a multiple of 242?
False
Is 76136090 a multiple of 44?
False
Does 620 divide 81317815?
False
Is 4163 a factor of 429738164?
True
Does 28 divide 155962520?
True
Does 88 divide 129976?
True
Is 7 a factor of 74318809?
False
Is 12096525 a multiple of 471?
False
Does 352 divide 581687326?
False
Is 899 a factor of 5778829032?
False
Does 293 divide 168821478?
False
Does 151 divide 2250892163?
False
Is 218807128 a multiple of 556?
True
Is 738870887 a multiple of 127?
True
Is 13 a factor of 4433039?
True
Does 134 divide 4049809947?
False
Does 5222 divide 307760020?
False
Does 31 divide 147295062?
False
Is 8658 a factor of 857999142?
True
Does 8 divide 13611435?
False
Does 83 divide 3431884?
True
Is 526621200 a multiple of 175?
True
Is 55 a factor of 5552240980?
True
Does 49 divide 396343850?
True
Does 34 divide 72432341?
False
Is 57 a factor of 55965577?
False
Is 2323 a factor of 250735328?
True
Does 588 divide 257624582?
False
Is 180 a factor of 1121281920?
True
Is 61 a factor of 11714562?
True
Is 63 a factor of 64397907?
True
Does 17 divide 3763911197?
True
Is 60 a factor of 2150941229?
False
Is 8 a factor of 568257318?
False
Is 93425320 a multiple of 472?
True
Is 67700286 a multiple of 81?
True
Does 115 divide 40787510?
True
Is 16 a factor of 327848127?
False
Is 23 a factor of 333740649?
True
Does 11 divide 16487900?
True
Does 6049 divide 389977610?
False
Does 81 divide 1790676903?
False
Does 518 divide 236136417?
False
Is 1891 a factor of 13898670?
False
Is 147 a factor of 35175630?
True
Does 9 divide 4371692?
False
Does 117 divide 116778636?
True
Is 587394910 a multiple of 7?
False
Does 1868 divide 24162580?
True
Is 905 a factor of 702290296?
False
Is 1005241091 a multiple of 129?
False
Does 337 divide 6880728966?
False
Does 41 divide 955497454?
False
Does 13 divide 35556001?
True
Is 8826910 a multiple of 166?
False
Is 38 a factor of 40628954?
True
Does 48 divide 1585143138?
False
Is 3248 a factor of 6840288?
True
Is 79344207 a multiple of 5?
False
Is 200 a factor of 289535200?
True
Does 72 divide 801195243?
False
Is 701299260 a multiple of 15?
True
Does 110 divide 227930514?
False
Is 22820668 a multiple of 178?
True
Does 182 divide 12655916?
True
Is 179 a factor of 93148554?
False
Is 118 a factor of 321720400?
False
Is 105325408 a multiple of 502?
False
Does 499 divide 92046200?
False
Is 129 a factor of 29818479?
True
Is 964 a factor of 30756420?
True
Is 2660203 a multiple of 31?
True
Is 7108 a factor of 250301112?
True
Does 3 divide 270947162?
False
Does 50 divide 26864928?
False
Does 344 divide 15817808?
True
Is 96400410 a multiple of 3?
True
Is 2145 a factor of 14760394?
False
Is 863 a factor of 21934295?
False
Does 10 divide 23637154?
False
Is 143 a factor of 90409260?
False
Is 24922039 a multiple of 44?
False
Does 61 divide 11917936?
True
Is 159515172 a multiple of 36?
True
Is 7820916 a multiple of 97?
True
Does 28 divide 3024560?
True
Is 2304714925 a multiple of 68?
False
Does 354 divide 53143896?
True
Does 3 divide 138787212?
True
Does 6 divide 92003871?
False
Does 546 divide 1895759502?
True
Does 325 divide 205510175?
True
Is 382416594 a multiple of 42?
True
Does 4 divide 319606892?
True
Is 41154267 a multiple of 217?
True
Is 49 a factor of 1132716855?
False
Is 2191051014 a multiple of 28?
False
Is 3595448710 a multiple of 29?
True
Is 26314960 a multiple of 49?
True
Does 73 divide 11842390?
False
Does 62 divide 1434990?
True
Is 64784518 a multiple of 79?
False
Is 5 a factor of 106759028?
False
Does 883 divide 656732640?
False
Is 251 a factor of 184093983?
False
Is 2785308 a multiple of 216?
False
Does 158 divide 111656331?
False
Is 6318 a factor of 519655500?
True
Is 14389678 a multiple of 1126?
False
Is 3455345 a multiple of 62?
False
Does 298 divide 207540